(c) = 607*c**2 - 3*c - 1. Let v be q(-1). Let w be 172 + 6 - (0 - -1 - -3). Calculate the greatest common divisor of w and v.
87
Let t(s) = -s**3 - 14*s**2 - 23*s + 42. Let u be t(-13). What is the highest common divisor of u and 2881?
43
Let r be (20 + -8 + -9 - (1 - 1))*1166. What is the highest common factor of 106 and r?
106
Suppose 4*z + 12*x - 14*x = 21840, 16373 = 3*z - 5*x. Calculate the highest common factor of z and 127.
127
Suppose 1 = -5*a - 9, 2*i + a - 6 = 0. Suppose -c + 336 = f - i*c, -1000 = -3*f + c. Calculate the greatest common divisor of f and 37.
37
Let b be 5 + (-5 - (-5 - -5)). Suppose b = 4*p - 3*y - 809, 0*p + 385 = 2*p + 5*y. Calculate the highest common factor of 8 and p.
8
Let k(r) = -3*r**2 - r + 4. Let f be k(-3). Suppose 96 = -4*v - m, -267*m = -272*m + 20. Let x = f - v. What is the highest common factor of x and 65?
5
Let b be ((-99)/(-18))/((-9)/(-18)). Calculate the highest common divisor of b and 3421.
11
Suppose 0 = 47*t - 66*t + 4940. What is the highest common divisor of t and 200?
20
Let p = 717 + -405. Let m = p + -202. Calculate the highest common factor of m and 60.
10
Suppose -14 = -2*n + 10. Let c = 147 + 383. Let z = c - 500. Calculate the greatest common divisor of z and n.
6
Let g be -5*((-39)/(-6))/(7/14). Let n = g - -101. What is the greatest common factor of n and 63?
9
Suppose -3*k + 5*t = -44, 2*k - 20 = -42*t + 44*t. Calculate the greatest common divisor of 209 and k.
1
Let x be (6/(-9) + 1)*(-6)/2. Let z be 136 + 2*(x + 3)/(-4). Calculate the highest common divisor of z and 9.
9
Let s = -5765 - -6883. What is the highest common factor of s and 344?
86
Suppose 0 = 148*k - 7958 + 1150. Suppose 0*n + 2*t - 40 = 4*n, -3*n - 24 = -3*t. Let r be 2305/20 + 3/n. What is the highest common factor of r and k?
23
Let a(m) = 3*m**3 + 11*m**2 + 14*m + 103. Let h be a(10). What is the highest common divisor of 43 and h?
43
Let y = -269 + 315. Let c be -7*(-7 + 6 - y). Calculate the highest common divisor of 47 and c.
47
Let g = 1119 + -1305. Let m = g - -194. Suppose -3*t + 273 = 4*x, 5*t = x - 0*t - 97. What is the highest common factor of m and x?
8
Let c be (-25 + 0)/((-6)/(828/6)). Suppose c = -4*z + 9*z. Calculate the highest common divisor of 10 and z.
5
Suppose -168 - 415 = -12*b + 173. What is the highest common factor of b and 36?
9
Suppose 0 = 2*q - 7*u + 4*u - 16, -5*u = 4*q - 120. Calculate the greatest common factor of 1970 and q.
10
Let u(f) = 7*f**2 - 123*f + 788. Let a be u(7). What is the highest common divisor of 162 and a?
54
Let z = -186 + 154. Let n be (88/z)/11 - 34/(-8). Calculate the highest common divisor of 8 and n.
4
Suppose -5*x = 20, -4*t - 3*x + 92 = -120. Calculate the greatest common factor of 1043 and t.
7
Suppose 0 = 51*a + 17*a - 121965 - 82171. Calculate the greatest common factor of a and 1422.
158
Let m(l) = 4*l + 3. Let q be m(3). Let k = -119 - -122. Suppose 81 = 9*a - 4*a + 3*s, 2*s = -k*a + 49. What is the greatest common divisor of a and q?
15
Let d = -2556 + 3618. Calculate the greatest common divisor of 18 and d.
18
Suppose -728*m + 734*m = 30. Suppose 5*b - 3*b = -c + 1384, -2*b + m*c + 1396 = 0. Suppose -2*l + 2 = -124. Calculate the greatest common factor of b and l.
63
Suppose v - 5*h = -24, 4*v + 5*h - 41 = -12. Suppose -4*s - 2*t = -108, 81 = 3*s + t + 3*t. What is the greatest common divisor of v and s?
1
Let p be -10 - -5 - 9/(-1). Let u be 1/p*4 + 86. Calculate the highest common divisor of 29 and u.
29
Let h be (-24)/5*(-87 - 3). Suppose -15*m + 42 = -22*m, 0 = 4*x - m - 114. What is the highest common factor of x and h?
27
Let s = 18906 - 18902. What is the highest common divisor of s and 766?
2
Let p(q) = 7*q**3 + 2*q**2 - 2*q + 2. Let u be p(3). Let f be 356/6 + (-28)/(-105)*-5. Calculate the greatest common factor of f and u.
29
Suppose 20 = j - 2*c - 12, -5*c = -2*j + 61. Calculate the greatest common factor of j and 2432.
38
Let i(y) = 138*y - 1360. Let g be i(50). Calculate the greatest common factor of g and 10.
10
Suppose -19*f + 50 = 12. Suppose -6*d + f*d = -1564. Calculate the highest common factor of d and 23.
23
Suppose 8*n - 47 = 7*n. Suppose n*o - 49*o = -1590. Let j = o - 543. Calculate the highest common divisor of j and 36.
36
Let h(z) be the first derivative of z**4/4 - z**3/3 - 3*z**2 - 12*z + 34. Let g be h(5). What is the highest common divisor of g and 29?
29
Suppose 3*b - 56 = -5*a, -4*b - 18 = a - 70. Let z be 24/(-20)*(-125)/(-10). Let t(h) = -3*h - 42. Let q be t(z). What is the highest common factor of q and b?
3
Let h = -3658 - -3689. Calculate the highest common divisor of h and 2077.
31
Let o(r) = 14*r**2 + 78*r - 182. Let t be o(-8). Calculate the greatest common divisor of 5994 and t.
18
Suppose 3*d + 20200 = 28*d. What is the highest common factor of d and 24?
8
Suppose 1315*b = 1339*b - 255120. Calculate the highest common factor of b and 40.
10
Suppose -2*c + 156*c = 108262. Calculate the highest common factor of 171 and c.
19
Let b = -39115 - -39140. Let g(q) = 2 + 0*q**2 + 3 - q**2 + 6*q. Let p be g(6). What is the highest common factor of p and b?
5
Suppose 36*v + 10438 = 2*v. Let b = v + 324. Let f = -78 - -129. Calculate the greatest common factor of f and b.
17
Suppose -9*m = -13*m + 264. Let a = m - 75. Let f be (-939)/a + 4/6. What is the highest common factor of f and 42?
21
Let g(f) = 102*f + 1677. Let v be g(-4). Calculate the greatest common divisor of v and 54.
27
Suppose 1188*s = 1195*s - 70. Suppose s*c = 7*c + 2*t + 179, -c - 3*t = -78. What is the greatest common factor of 9 and c?
9
Let h = 415 - 247. Suppose -96 = -8*l + 19*l - 15*l. What is the greatest common divisor of l and h?
24
Let j be ((-4 + -40)*1)/(-2). Let o be j*-4*9/(-24). Calculate the highest common divisor of o and 231.
33
Let o be ((-12)/(-18))/((-8)/(-540)) + 3. Let s(n) = -n**2 + n + 80. Let k be s(0). What is the greatest common divisor of k and o?
16
Let h = -7173 + 14466. Calculate the highest common divisor of 374 and h.
187
Suppose 328 = 3*r + 304. Let v = 22 - r. Suppose -5*j + 4*w = -4*j - 30, -4*w = -5*j + 86. Calculate the greatest common divisor of v and j.
14
Suppose -n + 4*n = 4*z - 82, 2*n - 34 = -2*z. Suppose 57 = -0*p + z*p. What is the greatest common factor of 2 and p?
1
Let p = 3988 - 3946. Calculate the greatest common divisor of p and 651.
21
Let x(s) be the third derivative of 3*s**5/20 - 7*s**4/12 + 3*s**3/2 + 30*s**2. Let t be x(3). Calculate the highest common divisor of 36 and t.
12
Suppose 33 = 3*f + 15. Suppose -f*n = 183 - 201. Let w be (-1)/2 + 43/2. Calculate the highest common divisor of n and w.
3
Suppose 39*d = 1832 + 313. What is the greatest common factor of 1727 and d?
11
Suppose -57*p + 480 = -2*p - 34995. Calculate the highest common divisor of 300 and p.
15
Suppose -2*r + 198 - 42 = 0. Suppose r = q + 8. Suppose 25*u = 32*u - 196. Calculate the greatest common factor of u and q.
14
Suppose 4*b - 4*w - 46 = 3*b, -2*b + 68 = -2*w. Let o(h) = h**2 + 1535*h + 22870. Let n be o(-15). What is the greatest common factor of b and n?
10
Suppose -3*g - 2*g = -30. Suppose -12*u + g*u = -24. Suppose -u*c + 10 + 0 = -2*v, 2*c = 4*v - 10. Calculate the highest common factor of v and 45.
5
Let v be (-21)/6*5/(140/(-96)). Suppose -43*p + v*p + 62 = 0. What is the greatest common divisor of p and 54?
2
Suppose -2*d = -g, -g - 4*d + 7 = d. Suppose b - 3*t = 14, 0 = -5*b - g*t + 12 + 24. Calculate the greatest common factor of 8 and b.
8
Let k = -98 - -190. Suppose 33*a - 20*a - 42*a + 8533 = 24*a. Calculate the highest common divisor of a and k.
23
Let o be (-3)/(-2) - (6696/(-16) - 3). What is the greatest common factor of o and 36?
9
Let u be 3/6 - 35/2. Suppose 3*t + 25 = -22*t. Let k be 3 + -1 - (u - t). Calculate the greatest common factor of k and 12.
6
Let f be (1 - 2)*(-8)/(-12)*(24 + -10884). Calculate the greatest common factor of f and 80.
40
Suppose -9*z + 13*z + 57 = 3*v, -5*z - 240 = -10*v. Calculate the greatest common divisor of 43 and v.
1
Let h(q) = -q**2 - 12*q - 14*q + 10*q + 33. Suppose -6*w = -7*w - 5*a, 5*w = 2*a - 81. Let b be h(w). What is the greatest common factor of b and 32?
16
Let z be ((-984)/(-820))/((-3)/(-90)). Calculate the highest common divisor of z and 1200.
12